False
Is 9943235817 a prime number?
False
Is 1276351 prime?
True
Is 302566993 composite?
False
Is 4518481321 a composite number?
False
Is 26804612473 composite?
True
Is 888025181 a prime number?
True
Is 19153576293 prime?
False
Is 135718474 composite?
True
Is 1088489837 prime?
True
Is 2564367199 composite?
True
Is 17137478741 prime?
True
Is 5718281542 a composite number?
True
Is 1894332353 composite?
True
Is 18533469489 a composite number?
True
Is 1532725897 composite?
False
Is 2192389867 prime?
True
Is 45193967803 prime?
False
Is 13424242631 composite?
True
Is 1062906701 prime?
True
Is 2965956439 composite?
False
Is 46575314143 composite?
False
Is 11977277639 prime?
False
Is 13623125083 composite?
True
Is 533358499 a prime number?
True
Is 59383280699 a composite number?
False
Is 880594027 composite?
False
Is 31053037 a composite number?
False
Is 1180750367 a prime number?
True
Is 266070891059 prime?
True
Is 11526341549 prime?
True
Is 698345957 prime?
True
Is 487180171 a prime number?
True
Is 29301014633 a prime number?
False
Is 856388475083 composite?
False
Is 5484807751 prime?
True
Is 211074503 a composite number?
False
Is 2837729417 prime?
True
Is 96142378889 composite?
False
Is 190113207 composite?
True
Is 31433969507 prime?
False
Is 488910553 a composite number?
True
Is 15829841153 a composite number?
True
Is 330748519942 prime?
False
Is 4360255537 a composite number?
True
Is 789083257 a composite number?
True
Is 983894333 a prime number?
False
Is 55342284703 prime?
False
Is 420281123 composite?
True
Is 24677551163 prime?
True
Is 4545672787 composite?
False
Is 46003914503 a prime number?
True
Is 83039271647 composite?
False
Is 36682992473 a composite number?
True
Is 9436761377 a composite number?
True
Is 1346181137 composite?
True
Is 6795948461 composite?
False
Is 2888959559 a composite number?
False
Is 574710131 composite?
True
Is 716296453 prime?
False
Is 1742927339 a prime number?
True
Is 28348757 a prime number?
False
Is 21093115 composite?
True
Is 6531574429 a prime number?
True
Is 18811689311 a prime number?
True
Is 1292238331 a prime number?
False
Is 613902749 prime?
False
Is 235768693 a composite number?
False
Is 1096502273 a composite number?
False
Is 5688145151 a composite number?
True
Is 92476907 prime?
True
Is 23801967713 a composite number?
True
Is 51151811497 composite?
False
Is 327245689 composite?
False
Is 874253837 prime?
False
Is 780661681 composite?
True
Is 13857508733 a composite number?
True
Is 179973037 prime?
False
Is 6455641721 a composite number?
False
Is 18435963517 composite?
True
Is 2122824649 a prime number?
False
Is 10452734657 composite?
False
Is 119010317 a prime number?
True
Is 25358362507 composite?
True
Is 168035462873 a composite number?
True
Is 18690577 composite?
True
Is 3123500033 a composite number?
False
Is 4443367091 composite?
True
Is 713115379 composite?
False
Is 491446363 a prime number?
True
Is 95458733 a prime number?
False
Is 163549080241 prime?
True
Is 742431727 a composite number?
False
Is 2770521679 a composite number?
False
Is 37412334187 composite?
False
Is 45568668361 a composite number?
True
Is 2703621419 a prime number?
False
Is 967602767 a composite number?
False
Is 18494749139 composite?
True
Is 1044301891 composite?
True
Is 14588376479 a composite number?
False
Is 2910442709 prime?
True
Is 1399869787 composite?
False
Is 1520347573 composite?
True
Is 58097491 a composite number?
False
Is 36793447 a prime number?
True
Is 31494836461 a prime number?
False
Is 19045467773 a composite number?
False
Is 223637069 a composite number?
True
Is 2730336481 composite?
True
Is 2113153607 a prime number?
True
Is 63869951787 prime?
False
Is 2038598339 a composite number?
True
Is 2627994553 prime?
True
Is 23785320651 a prime number?
False
Is 24923127 a composite number?
True
Is 11701918337 a composite number?
False
Is 598343783 a prime number?
False
Is 491543553 a composite number?
True
Is 50971882205 composite?
True
Is 293523697 a prime number?
False
Is 198464627 prime?
True
Is 38444216953 a prime number?
False
Is 40389477041 composite?
False
Is 98408486257 prime?
True
Is 54415700971 prime?
False
Is 431900669 a prime number?
False
Is 55666929 prime?
False
Is 4963627709 a composite number?
True
Is 4089462833 prime?
False
Is 1145486099 prime?
True
Is 20845298053 composite?
True
Is 364024033 prime?
True
Is 7200229585 prime?
False
Is 35032940717 a prime number?
True
Is 34474510463 a prime number?
True
Is 27107735663 a composite number?
True
Is 43815613397 a prime number?
True
Is 94690793501 prime?
True
Is 4519764437 a composite number?
True
Is 200805701 a prime number?
True
Is 5523523447 a composite number?
True
Is 2373305947 a composite number?
True
Is 3909083 a prime number?
True
Is 4758121 a composite number?
False
Is 48208344413 prime?
False
Is 4143823969 a composite number?
True
Is 1869962323 composite?
True
Is 555581561 composite?
False
Is 1837906253 a composite number?
True
Is 14540707553 a composite number?
False
Is 8671873411 prime?
False
Is 18354104383 composite?
True
Is 477026099 prime?
False
Is 455195366363 a composite number?
False
Is 2616618017 composite?
True
Is 24327563927 a composite number?
True
Is 1456294253 a composite number?
True
Is 205915369559 prime?
True
Is 33719149759 composite?
False
Is 1303320527 composite?
False
Is 643927601 prime?
False
Is 2186555335 composite?
True
Is 854846383 a composite number?
False
Is 415983539 a composite number?
False
Is 39572407131 composite?
True
Is 13408459537 a composite number?
True
Is 24950558807 composite?
False
Is 44051800543 a composite number?
False
Is 162080443 prime?
False
Is 70399507 prime?
False
Is 9716785411 a prime number?
True
Is 75408072401 prime?
True
Is 791413841 prime?
True
Is 69678809 composite?
False
Is 25612491011 composite?
False
Is 43099289 prime?
True
Is 33476606797 composite?
True
Is 17360056579 a composite number?
False
Is 2814663589 a prime number?
True
Is 1130684447 prime?
False
Is 1136684849 a composite number?
False
Is 11386976611 prime?
True
Is 24097883422 prime?
False
Is 13060386719 a prime number?
False
Is 12683622793 a prime number?
True
Is 66206054879 composite?
False
Is 843317455 a composite number?
True
Is 1487666221 prime?
True
Is 5430137311 a prime number?
True
Is 65412713 a composite number?
True
Is 1750752827 prime?
True
Is 12201049207 prime?
False
Is 7689741547 a prime number?
False
Is 498513383 prime?
False
Is 3624704399 a composite number?
False
Is 58882907 composite?
True
Is 16447071733 composite?
True
Is 1036467961 a composite number?
True
Is 707498543 a prime number?
True
Is 2026478603 a prime number?
True
Is 28216642 a composite number?
True
Is 7102872781 a composite number?
True
Is 3978789811 a prime number?
True
Is 12933244694 a composite number?
True
Is 3446010751 a composite number?
False
Is 26668707943 a prime number?
False
Is 1851918587 prime?
True
Is 3727548287 prime?
True
Is 2122478293 a composite number?
True
Is 1123952897 prime?
True
Is 11416387861 composite?
True
Is 9048220853 a composite number?
True
Is 2365325101 a prime number?
True
Is 26448186187 prime?
True
Is 3199863581 a composite number?
True
Is 73006056146 a composite number?
True
Is 55939879 a composite number?
False
Is 41502741439 a prime number?
True
Is 48094264771 a composite number?
True
Is 19294140679 a composite number?
True
Is 159215209 composite?
False
Is 50975877874 a prime number?
False
Is 67756037 a composite number?
False
Is 12349374773 a composite number?
True
Is 3465581129 a composite number?
True
Is 2382977239 prime?
True
Is 4377047671 composite?
False
Is 76239595777 a prime number?
True
Is 14389601209 prime?
True
Is 4492487743 prime?
True
Is 10205053013 prime?
False
Is 144196242971 a prime number?
False
Is 8402644479 composite?
True
Is 714519515 composite?
True
Is 1467081559 composite?
False
Is 34500654037 a composite number?
True
Is 21044551601 a prime number?
False
Is 180936593 a prime number?
False
Is 109642241 a composite number?
True
Is 1944811327 a prime number?
True
Is 8387421897 a prime number?
False
Is 46835669423 a composite number?
False
Is 998291579 a prime number?
False
Is 2602487903 prime?
True
Is 7559604719 a prime number?
True
Is 103080930349 a composite number?
True
Is 22775303429 a prime 